5760 and 96.
96
Calculate the highest common divisor of 1479 and 17.
17
What is the greatest common factor of 736 and 144?
16
What is the greatest common divisor of 1121 and 57?
19
What is the highest common divisor of 18 and 72?
18
Calculate the highest common divisor of 6 and 936.
6
What is the highest common factor of 14 and 371?
7
Calculate the greatest common factor of 1885 and 65.
65
Calculate the highest common factor of 387 and 43.
43
Calculate the greatest common factor of 2349 and 174.
87
What is the highest common factor of 667 and 23?
23
What is the highest common divisor of 1 and 111?
1
Calculate the highest common factor of 5073 and 356.
89
What is the greatest common divisor of 1675 and 50?
25
Calculate the highest common divisor of 495 and 4125.
165
Calculate the greatest common factor of 19 and 1.
1
What is the greatest common divisor of 17 and 12?
1
What is the greatest common factor of 43537 and 17?
17
Calculate the greatest common factor of 108 and 84.
12
What is the greatest common factor of 168 and 10164?
84
What is the greatest common factor of 3008 and 128?
64
Calculate the highest common factor of 2979 and 9.
9
Calculate the highest common divisor of 8268 and 156.
156
What is the greatest common divisor of 30 and 690?
30
What is the greatest common factor of 4144 and 784?
112
Calculate the highest common divisor of 126 and 72.
18
What is the highest common factor of 57 and 8759?
19
Calculate the greatest common factor of 242 and 22.
22
Calculate the greatest common factor of 900 and 72.
36
Calculate the greatest common divisor of 250 and 150.
50
What is the greatest common divisor of 92 and 2461?
23
Calculate the greatest common divisor of 4140 and 92.
92
What is the highest common divisor of 10136 and 168?
56
What is the highest common divisor of 396 and 7436?
44
What is the greatest common factor of 539 and 11?
11
What is the greatest common factor of 7068 and 93?
93
Calculate the greatest common divisor of 2096 and 80.
16
What is the highest common divisor of 6364 and 172?
172
Calculate the highest common divisor of 84 and 13188.
84
Calculate the greatest common divisor of 534 and 89.
89
What is the highest common factor of 798 and 42?
42
What is the highest common factor of 60 and 100?
20
What is the highest common factor of 48 and 228?
12
Calculate the highest common divisor of 729 and 18.
9
What is the highest common factor of 4914 and 252?
126
Calculate the highest common divisor of 9 and 2097.
9
What is the greatest common divisor of 6 and 5142?
6
What is the greatest common factor of 800 and 850?
50
Calculate the greatest common divisor of 126 and 18.
18
Calculate the highest common divisor of 36 and 45.
9
What is the highest common factor of 396 and 66?
66
What is the greatest common divisor of 4 and 3210?
2
What is the highest common divisor of 368 and 276?
92
Calculate the highest common divisor of 14 and 1022.
14
Calculate the highest common divisor of 2788 and 102.
34
Calculate the highest common factor of 75 and 25.
25
Calculate the highest common factor of 169 and 611.
13
What is the greatest common divisor of 188 and 470?
94
Calculate the highest common divisor of 3 and 13.
1
What is the highest common factor of 30 and 250?
10
Calculate the greatest common factor of 7199 and 23.
23
Calculate the greatest common factor of 9477 and 156.
39
Calculate the greatest common divisor of 78 and 2496.
78
What is the highest common divisor of 905 and 4887?
181
Calculate the highest common divisor of 20 and 55.
5
Calculate the highest common factor of 494 and 52.
26
Calculate the greatest common divisor of 1710 and 57.
57
What is the highest common factor of 184 and 1610?
46
What is the highest common factor of 28 and 2198?
14
Calculate the greatest common divisor of 460 and 160.
20
What is the highest common factor of 52 and 4732?
52
What is the highest common divisor of 28 and 6412?
28
What is the highest common divisor of 150 and 1200?
150
Calculate the highest common divisor of 66 and 297.
33
What is the greatest common divisor of 63 and 1575?
63
What is the highest common factor of 259 and 185?
37
What is the highest common factor of 874 and 152?
38
What is the highest common factor of 2163 and 103?
103
What is the highest common divisor of 330 and 13750?
110
What is the highest common factor of 13917 and 3?
3
What is the greatest common divisor of 1050 and 225?
75
What is the greatest common factor of 44147 and 262?
131
Calculate the highest common factor of 50 and 1175.
25
What is the greatest common factor of 393 and 6?
3
Calculate the greatest common factor of 16 and 2384.
16
Calculate the highest common divisor of 98 and 98.
98
What is the greatest common factor of 30355 and 65?
65
Calculate the greatest common factor of 2 and 528.
2
What is the highest common factor of 195 and 450?
15
What is the greatest common factor of 36 and 900?
36
What is the greatest common divisor of 18 and 33?
3
What is the greatest common divisor of 48 and 1326?
6
What is the greatest common factor of 42 and 216?
6
Calculate the highest common factor of 2047 and 623.
89
Calculate the greatest common factor of 480 and 60.
60
What is the greatest common factor of 12363 and 156?
39
What is the greatest common factor of 1631 and 49?
7
Calculate the greatest common factor of 2028 and 24.
12
Calculate the greatest common divisor of 204 and 561.
51
Calculate the greatest common factor of 154 and 1078.
154
What is the highest common factor of 1080 and 288?
72
Calculate the highest common factor of 1134 and 42.
42
What is the greatest common factor of 204 and 696?
12
What is the greatest common divisor of 16225 and 550?
275
Calculate the highest common factor of 1334 and 232.
58
Calculate the highest common factor of 83 and 9047.
83
Calculate the greatest common divisor of 70 and 28.
14
Calculate the highest common factor of 164 and 37064.
164
Calculate the greatest common factor of 3916 and 66.
22
What is the highest common factor of 53 and 5989?
53
What is the highest common factor of 30 and 30?
30
What is the greatest common factor of 85 and 765?
85
Calculate the highest common divisor of 1404 and 624.
156
What is the highest common factor of 884 and 2380?
68
What is the highest common factor of 90 and 60?
30
Calculate the highest common factor of 13 and 2509.
13
Calculate the greatest common factor of 6 and 420.
6
What is the highest common divisor of 980 and 1540?
140
Calculate the greatest common divisor of 1242 and 162.
54
What is the highest common divisor of 38 and 76?
38
What is the highest common factor of 4039 and 42?
7
Calculate the highest common factor of 355 and 25.
5
What is the highest common divisor of 2173 and 106?
53
What is the highest common divisor of 59 and 8378?
59
What is the highest common factor of 1722 and 14022?
246
Calculate the greatest common factor of 2346 and 2208.
138
Calculate the greatest common divisor of 46179 and 63.
63
Calculate the highest common divisor of 13 and 13.
13
What is the highest common factor of 432 and 336?
48
What is the highest common divisor of 3848 and 74?
74
Calculate the greatest common divisor of 910 and 140.
70
What is the greatest common divisor of 33 and 429?
33
Calculate the highest common divisor of 164 and 14842.
82
What is the highest common divisor of 224 and 35168?
224
Calculate the greatest common factor of 1585 and 18703.
317
Calculate the highest common divisor of 39 and 312.
39
What is the greatest common factor of 97 and 1?
1
What is the highest common factor of 3308 and 4?
4
Calculate the highest common factor of 68 and 2601.
17
Calculate the greatest common factor of 2 and 54.
2
What is the greatest common factor of 64 and 192?
64
Calculate the highest common factor of 48 and 8.
8
What is the highest common factor of 371 and 14?
7
Calculate the greatest common divisor of 35910 and 84.
42
What is the greatest common factor of 4770 and 159?
159
Calculate the highest common factor of 70 and 189.
7
Calculate the highest common factor of 142 and 2.
2
What is the highest common factor of 48 and 30?
6
Calculate the highest common divisor of 6579 and 1161.
387
Calculate the highest common divisor of 38 and 38.
38
Calculate the greatest common divisor of 178 and